{"id":12,"date":"2025-04-01T19:56:14","date_gmt":"2025-04-01T19:56:14","guid":{"rendered":"https:\/\/etercom.com.mx\/sitio\/?page_id=12"},"modified":"2025-04-04T00:40:22","modified_gmt":"2025-04-04T00:40:22","slug":"acerca-de","status":"publish","type":"page","link":"https:\/\/etercom.com.mx\/index.php\/acerca-de\/","title":{"rendered":"Acerca de Etercom"},"content":{"rendered":"\n<h2 class=\"wp-block-heading has-text-align-center has-large-font-size\" id=\"inspiro-is-a-digital-product-agency-that-focuses-on-strategy-and-design\" style=\"font-style:normal;font-weight:100\"><strong>Soluciones de Telecomunicaciones a tu medida.<\/strong><\/h2>\n\n\n\n<p class=\"has-text-align-center\"><strong>GRUPO ETERCOM. <\/strong>Creando Soluciones con tecnolog\u00eda de punta desde 1994, somos expertos en la integraci\u00f3n de proyectos para sistemas de telecomunicaciones, brindando equipos de alta calidad y soporte t\u00e9cnico confiable.&nbsp;<\/p>\n\n\n\n<p class=\"has-text-align-center\"><strong>\u00bfPor qu\u00e9 elegirnos?&nbsp;<\/strong><\/p>\n\n\n\n<p class=\"has-text-align-center\"><strong>M\u00e1s de 40 a\u00f1os de experiencia <\/strong>en telecomunicaciones. Distribuci\u00f3n de <strong>marcas l\u00edderes <\/strong>en el mercado de la radiodifusi\u00f3n <br>y comunicaciones satelitales y terrestres. <strong>Soporte t\u00e9cnico especializado<\/strong>.<\/p>\n\n\n\n<p class=\"has-text-align-center\"><strong>Instalaci\u00f3n y soporte en toda la Rep\u00fablica Mexicana. Conectamos el presente, impulsamos el futuro.&nbsp;<\/strong><\/p>\n\n\n\n<figure class=\"wp-block-image aligncenter size-full is-resized\"><img loading=\"lazy\" decoding=\"async\" width=\"324\" height=\"286\" src=\"https:\/\/etercom.com.mx\/wp-content\/uploads\/2025\/04\/WhatsApp-Image-2025-04-03-at-18.36.24.jpeg\" alt=\"\" class=\"wp-image-245\" style=\"width:229px;height:auto\" srcset=\"https:\/\/etercom.com.mx\/wp-content\/uploads\/2025\/04\/WhatsApp-Image-2025-04-03-at-18.36.24.jpeg 324w, https:\/\/etercom.com.mx\/wp-content\/uploads\/2025\/04\/WhatsApp-Image-2025-04-03-at-18.36.24-300x265.jpeg 300w\" sizes=\"auto, (max-width: 324px) 100vw, 324px\" \/><\/figure>\n\n\n\n<p class=\"has-text-align-center\"><strong>Cont\u00e1ctanos <\/strong>para una soluci\u00f3n a tu medida.&nbsp;<\/p>\n\n\n\n<div style=\"height:53px\" aria-hidden=\"true\" class=\"wp-block-spacer\"><\/div>\n\n\n\n<h2 class=\"wp-block-heading has-text-align-center has-large-font-size\" id=\"inspiro-is-a-digital-product-agency-that-focuses-on-strategy-and-design\" style=\"font-style:normal;font-weight:100\"><strong>Servicios Integrales 360\u00b0<\/strong><\/h2>\n\n\n\n<div class=\"wp-block-columns alignwide is-layout-flex wp-container-core-columns-is-layout-28f84493 wp-block-columns-is-layout-flex\">\n<div class=\"wp-block-column is-layout-flow wp-block-column-is-layout-flow\">\n<figure class=\"wp-block-image size-full\"><img loading=\"lazy\" decoding=\"async\" width=\"900\" height=\"600\" src=\"https:\/\/etercom.com.mx\/wp-content\/uploads\/2025\/04\/objetivo-etercom.jpg\" alt=\"\" class=\"wp-image-191\" srcset=\"https:\/\/etercom.com.mx\/wp-content\/uploads\/2025\/04\/objetivo-etercom.jpg 900w, https:\/\/etercom.com.mx\/wp-content\/uploads\/2025\/04\/objetivo-etercom-300x200.jpg 300w\" sizes=\"auto, (max-width: 900px) 100vw, 900px\" \/><\/figure>\n\n\n\n<p class=\"has-black-color has-text-color has-medium-font-size\">Objetivo<\/p>\n\n\n\n<p class=\"has-text-color\" style=\"color:#7a7a7a\">Sostenemos como Objetivos primordiales, la satisfacci\u00f3n Total del Cliente a largo Plazo con la m\u00e1s Eficiente inversi\u00f3n para contar con un Sistema \u00f3 Equipo que supere sus expectativas y esto le redit\u00fae una mayor ganancia de lo esperado.<\/p>\n<\/div>\n\n\n\n<div class=\"wp-block-column is-layout-flow wp-block-column-is-layout-flow\">\n<figure class=\"wp-block-image size-full\"><img loading=\"lazy\" decoding=\"async\" width=\"900\" height=\"600\" src=\"https:\/\/etercom.com.mx\/wp-content\/uploads\/2025\/04\/filosofia-etercom.jpg\" alt=\"\" class=\"wp-image-193\" srcset=\"https:\/\/etercom.com.mx\/wp-content\/uploads\/2025\/04\/filosofia-etercom.jpg 900w, https:\/\/etercom.com.mx\/wp-content\/uploads\/2025\/04\/filosofia-etercom-300x200.jpg 300w\" sizes=\"auto, (max-width: 900px) 100vw, 900px\" \/><\/figure>\n\n\n\n<p class=\"has-black-color has-text-color has-medium-font-size\">Nuestra Filosof\u00eda<\/p>\n\n\n\n<p class=\"has-text-color\" style=\"color:#7a7a7a\">Nos hemos mantenido por m\u00e1s de 25 A\u00f1os como una Compa\u00f1\u00eda Integradora y de Servicios, gracias a que hemos sostenido los valores fundamentales de Atenci\u00f3n, Actualizaci\u00f3n, Eficiencia, Honradez, Seriedad y Cumplimiento con todos nuestros Clientes.<\/p>\n<\/div>\n\n\n\n<div class=\"wp-block-column is-layout-flow wp-block-column-is-layout-flow\">\n<figure class=\"wp-block-image size-full\"><img loading=\"lazy\" decoding=\"async\" width=\"900\" height=\"600\" src=\"https:\/\/etercom.com.mx\/wp-content\/uploads\/2025\/04\/calidad-etercom.jpg\" alt=\"\" class=\"wp-image-195\" srcset=\"https:\/\/etercom.com.mx\/wp-content\/uploads\/2025\/04\/calidad-etercom.jpg 900w, https:\/\/etercom.com.mx\/wp-content\/uploads\/2025\/04\/calidad-etercom-300x200.jpg 300w\" sizes=\"auto, (max-width: 900px) 100vw, 900px\" \/><\/figure>\n\n\n\n<p class=\"has-black-color has-text-color has-medium-font-size\">Pol\u00edtica de Calidad<\/p>\n\n\n\n<p class=\"has-text-color\" style=\"color:#7a7a7a\">Establecemos Compromisos con todos nuestros clientes, sobre la calidad de los Equipos, materiales, Mano de Obra y su desempe\u00f1o, ya que desde la selecci\u00f3n de las Tecnolog\u00edas y sus Marcas garantizamos que s\u00f3lo seleccionamos lo mejor del Mercado.<\/p>\n<\/div>\n<\/div>\n\n\n\n<div style=\"height:100px\" aria-hidden=\"true\" class=\"wp-block-spacer\"><\/div>\n\n\n\n<h2 class=\"wp-block-heading has-text-align-center has-large-font-size\" id=\"inspiro-is-a-digital-product-agency-that-focuses-on-strategy-and-design\" style=\"font-style:normal;font-weight:100\"><strong>Nuestros Clientes<\/strong><\/h2>\n\n\n\n<figure class=\"wp-block-image aligncenter size-large is-resized\"><img loading=\"lazy\" decoding=\"async\" width=\"1024\" height=\"450\" src=\"https:\/\/etercom.com.mx\/wp-content\/uploads\/2025\/04\/Screenshot-2025-04-03-at-6.25.08\u202fp.m-1024x450.png\" alt=\"\" class=\"wp-image-239\" style=\"width:847px;height:auto\" srcset=\"https:\/\/etercom.com.mx\/wp-content\/uploads\/2025\/04\/Screenshot-2025-04-03-at-6.25.08\u202fp.m-1024x450.png 1024w, https:\/\/etercom.com.mx\/wp-content\/uploads\/2025\/04\/Screenshot-2025-04-03-at-6.25.08\u202fp.m-300x132.png 300w, https:\/\/etercom.com.mx\/wp-content\/uploads\/2025\/04\/Screenshot-2025-04-03-at-6.25.08\u202fp.m-2000x879.png 2000w\" sizes=\"auto, (max-width: 1024px) 100vw, 1024px\" \/><\/figure>\n\n\n\n<div style=\"height:161px\" aria-hidden=\"true\" class=\"wp-block-spacer\"><\/div>\n\n\n\n<div class=\"wp-block-group alignfull has-primary-background-color has-background has-global-padding is-layout-constrained wp-block-group-is-layout-constrained\">\n<div class=\"wp-block-columns is-layout-flex wp-container-core-columns-is-layout-28f84493 wp-block-columns-is-layout-flex\">\n<div class=\"wp-block-column is-layout-flow wp-block-column-is-layout-flow\">\n<div style=\"height:80px\" aria-hidden=\"true\" class=\"wp-block-spacer\"><\/div>\n\n\n\n<div class=\"wp-block-columns is-layout-flex wp-container-core-columns-is-layout-28f84493 wp-block-columns-is-layout-flex\">\n<div class=\"wp-block-column is-layout-flow wp-block-column-is-layout-flow\">\n<h2 class=\"wp-block-heading has-white-color has-text-color has-max-48-font-size\">\u00bfPorqu\u00e9 ETERCOM?<\/h2>\n<\/div>\n\n\n\n<div class=\"wp-block-column is-layout-flow wp-block-column-is-layout-flow\" style=\"padding-left:0;flex-basis:20%\"><\/div>\n\n\n\n<div class=\"wp-block-column is-layout-flow wp-block-column-is-layout-flow\" style=\"padding-left:0\">\n<p class=\"has-lightgrey-color has-text-color\">Grupo Etercom ofrece <strong>Soluciones Totales<\/strong> para sus necesidades de Comunicaci\u00f3n, para hacer llegar sus contenidos con alta calidad a los sistemas de Radio y televisi\u00f3n, ya sea mediante Redes Satelitales o Redes Sociales.<\/p>\n<\/div>\n<\/div>\n\n\n\n<div style=\"height:60px\" aria-hidden=\"true\" class=\"wp-block-spacer\"><\/div>\n<\/div>\n<\/div>\n\n\n\n<div class=\"wp-block-columns is-layout-flex wp-container-core-columns-is-layout-28f84493 wp-block-columns-is-layout-flex\">\n<div class=\"wp-block-column is-layout-flow wp-block-column-is-layout-flow\" style=\"flex-basis:100%\">\n<div class=\"wp-block-group has-global-padding is-layout-constrained wp-block-group-is-layout-constrained\">\n<div class=\"wp-block-columns is-layout-flex wp-container-core-columns-is-layout-28f84493 wp-block-columns-is-layout-flex\">\n<div class=\"wp-block-column is-layout-flow wp-block-column-is-layout-flow\">\n<h3 class=\"wp-block-heading has-secondary-color has-text-color\">Calidad en sus <br>productos<\/h3>\n<\/div>\n<\/div>\n\n\n\n<div class=\"wp-block-columns is-layout-flex wp-container-core-columns-is-layout-28f84493 wp-block-columns-is-layout-flex\">\n<div class=\"wp-block-column is-layout-flow wp-block-column-is-layout-flow\">\n<p class=\"has-lightgrey-color has-text-color\">Durante m\u00e1s de 25 a\u00f1os de existencia, hemos puesto especial cuidado en seleccionar la Tecnolog\u00eda y Productos que integra en las soluciones para sus clientes y las Marcas que representa en M\u00e9xico siempre son Mundialmente reconocidas, de Tecnolog\u00edas de Punta y L\u00edderes en el Mercado de las Telecomunicaciones<\/p>\n<\/div>\n<\/div>\n<\/div>\n<\/div>\n\n\n\n<div class=\"wp-block-column is-layout-flow wp-block-column-is-layout-flow\" style=\"flex-basis:100%\">\n<div class=\"wp-block-group has-global-padding is-layout-constrained wp-block-group-is-layout-constrained\">\n<div class=\"wp-block-columns is-layout-flex wp-container-core-columns-is-layout-28f84493 wp-block-columns-is-layout-flex\">\n<div class=\"wp-block-column is-layout-flow wp-block-column-is-layout-flow\">\n<h3 class=\"wp-block-heading has-secondary-color has-text-color\">Precios <br>competitivos<\/h3>\n<\/div>\n<\/div>\n\n\n\n<div class=\"wp-block-columns is-layout-flex wp-container-core-columns-is-layout-28f84493 wp-block-columns-is-layout-flex\">\n<div class=\"wp-block-column is-layout-flow wp-block-column-is-layout-flow\">\n<p class=\"has-lightgrey-color has-text-color\">Grupo Etercom se ha mantenido como una Compa\u00f1\u00eda altamente especializada y de comprobada eficiencia, por lo que sus gastos de operaci\u00f3n son estrictamente los necesarios en cada proyecto , lo cual redunda en precios justos y competitivos para nuestros clientes en cada proyecto o en la simple adquisici\u00f3n de equipos.<\/p>\n<\/div>\n<\/div>\n<\/div>\n<\/div>\n\n\n\n<div class=\"wp-block-column is-layout-flow wp-block-column-is-layout-flow\" style=\"flex-basis:100%\">\n<div class=\"wp-block-group has-global-padding is-layout-constrained wp-block-group-is-layout-constrained\">\n<div class=\"wp-block-columns is-layout-flex wp-container-core-columns-is-layout-28f84493 wp-block-columns-is-layout-flex\">\n<div class=\"wp-block-column is-layout-flow wp-block-column-is-layout-flow\">\n<h3 class=\"wp-block-heading has-secondary-color has-text-color\">Asesoramiento <br>personalizado<\/h3>\n<\/div>\n<\/div>\n\n\n\n<div class=\"wp-block-columns is-layout-flex wp-container-core-columns-is-layout-28f84493 wp-block-columns-is-layout-flex\">\n<div class=\"wp-block-column is-layout-flow wp-block-column-is-layout-flow\">\n<p class=\"has-lightgrey-color has-text-color\">Nos comprometemos con cada uno de nuestros Clientes, asumiendo el papel de Socio Tecnol\u00f3gico, para garantizarles tranquilidad con el desempe\u00f1o de los sistemas o equipos proporcionados, ya que siempre estamos atentos para resolver sus dudas, as\u00ed como para recomendarles el manejo m\u00e1s eficiente y redituable de ellos.<\/p>\n<\/div>\n<\/div>\n<\/div>\n<\/div>\n\n\n\n<div class=\"wp-block-column is-layout-flow wp-block-column-is-layout-flow\" style=\"flex-basis:100%\">\n<div class=\"wp-block-group has-global-padding is-layout-constrained wp-block-group-is-layout-constrained\">\n<div class=\"wp-block-columns is-layout-flex wp-container-core-columns-is-layout-28f84493 wp-block-columns-is-layout-flex\">\n<div class=\"wp-block-column is-layout-flow wp-block-column-is-layout-flow\">\n<h3 class=\"wp-block-heading has-secondary-color has-text-color\">Soporte <br>y mantenimiento<\/h3>\n<\/div>\n<\/div>\n\n\n\n<div class=\"wp-block-columns is-layout-flex wp-container-core-columns-is-layout-28f84493 wp-block-columns-is-layout-flex\">\n<div class=\"wp-block-column is-layout-flow wp-block-column-is-layout-flow\">\n<p class=\"has-lightgrey-color has-text-color\">Ofrecemos el Valor Agregado de Soporte T\u00e9cnico Especializado, as\u00ed como las actualizaciones necesarias, de manera oportuna, lo cual ha representado la operaci\u00f3n con alta eficiencia de los sistemas y equipos entregados a nuestros Clientes, esto les ha representado inversiones longevas y un mayor rendimiento en su Costo Beneficio.<\/p>\n<\/div>\n<\/div>\n<\/div>\n<\/div>\n<\/div>\n\n\n\n<div style=\"height:60px\" aria-hidden=\"true\" class=\"wp-block-spacer\"><\/div>\n\n\n\n<div style=\"height:80px\" aria-hidden=\"true\" class=\"wp-block-spacer\"><\/div>\n<\/div>\n","protected":false},"excerpt":{"rendered":"<p>Soluciones de Telecomunicaciones a tu medida. GRUPO ETERCOM. Creando Soluciones con tecnolog\u00eda de punta desde 1994, somos expertos en la integraci\u00f3n de proyectos para sistemas de telecomunicaciones, brindando equipos de alta calidad y soporte t\u00e9cnico confiable.&nbsp; \u00bfPor qu\u00e9 elegirnos?&nbsp; M\u00e1s de 40 a\u00f1os de experiencia en telecomunicaciones. Distribuci\u00f3n de marcas l\u00edderes en el mercado de &hellip; <\/p>\n<p class=\"link-more\"><a href=\"https:\/\/etercom.com.mx\/index.php\/acerca-de\/\" class=\"more-link\">Leer m\u00e1s<span class=\"screen-reader-text\"> \u00abAcerca de Etercom\u00bb<\/span><\/a><\/p>\n","protected":false},"author":1,"featured_media":89,"parent":0,"menu_order":0,"comment_status":"closed","ping_status":"closed","template":"","meta":{"footnotes":""},"class_list":["post-12","page","type-page","status-publish","has-post-thumbnail","hentry"],"_links":{"self":[{"href":"https:\/\/etercom.com.mx\/index.php\/wp-json\/wp\/v2\/pages\/12","targetHints":{"allow":["GET"]}}],"collection":[{"href":"https:\/\/etercom.com.mx\/index.php\/wp-json\/wp\/v2\/pages"}],"about":[{"href":"https:\/\/etercom.com.mx\/index.php\/wp-json\/wp\/v2\/types\/page"}],"author":[{"embeddable":true,"href":"https:\/\/etercom.com.mx\/index.php\/wp-json\/wp\/v2\/users\/1"}],"replies":[{"embeddable":true,"href":"https:\/\/etercom.com.mx\/index.php\/wp-json\/wp\/v2\/comments?post=12"}],"version-history":[{"count":30,"href":"https:\/\/etercom.com.mx\/index.php\/wp-json\/wp\/v2\/pages\/12\/revisions"}],"predecessor-version":[{"id":253,"href":"https:\/\/etercom.com.mx\/index.php\/wp-json\/wp\/v2\/pages\/12\/revisions\/253"}],"wp:featuredmedia":[{"embeddable":true,"href":"https:\/\/etercom.com.mx\/index.php\/wp-json\/wp\/v2\/media\/89"}],"wp:attachment":[{"href":"https:\/\/etercom.com.mx\/index.php\/wp-json\/wp\/v2\/media?parent=12"}],"curies":[{"name":"wp","href":"https:\/\/api.w.org\/{rel}","templated":true}]}}